prime factors of f.
3, 7
Suppose 3*o = 6*o. Suppose o = -4*t + 81 + 763. What are the prime factors of t?
211
Let p = 17 + -13. Suppose p*l - 183 = l. List the prime factors of l.
61
Let g = -8 - -92. Let x be g*1 - (-6)/(-3). Suppose -5*q = 4*a - 26 - 234, 0 = -a + 3*q + x. List the prime factors of a.
2, 5, 7
Let v = -16 - -20. Let x = v - -11. List the prime factors of x.
3, 5
Suppose 0 = -19*n + 15173 + 5347. List the prime factors of n.
2, 3, 5
Let c(j) = 234*j - 608. List the prime factors of c(15).
2, 1451
Suppose 4*x - 84 = -3*v + 994, -x + 275 = -2*v. Suppose x = 5*g - 14. What are the prime factors of g?
3, 19
Let n = 2137 + -1440. What are the prime factors of n?
17, 41
Let i = -15 + 20. Suppose -i*p + 4*q + 88 = 0, 7*q - 3*q + 8 = 0. What are the prime factors of p?
2
Let t be (-4)/8 - 28/8. What are the prime factors of (t - -2)*-1 - -36?
2, 19
Suppose 62 - 61 = n. Let r(s) = 241*s + 7. List the prime factors of r(n).
2, 31
Suppose 226 + 94 = 4*p. Suppose 8*o = 56 + p. List the prime factors of o.
17
Suppose 2029 = 5*h - w + 2*w, 3*h - w - 1219 = 0. What are the prime factors of h/6 + (-3)/((-27)/(-6))?
67
Suppose 3*t = 2*o - 3679, -4*t + 1372 = o - 495. What are the prime factors of o?
1847
Let u be (-712)/(-6) - (-2)/6. Let k(h) = h**2 + 0*h**2 + 1 + u*h - 118*h. List the prime factors of k(-3).
7
Let j(i) be the third derivative of -i**5/60 + 11*i**4/8 + i**3/6 + 4*i**2. What are the prime factors of j(30)?
7, 13
Let x = 4771 - 112. What are the prime factors of x?
3, 1553
Let q be (15 - 10)*(1 - 0). List the prime factors of (q + 38/(-6))/(2/(-6)).
2
Let i = -2 - -4. Suppose b + b = 16. Suppose b = -i*q, -q = -4*n + 2*q + 88. List the prime factors of n.
19
Let i(w) = w**2 + 6*w + 3. Let a be i(-6). Suppose -t - y + 108 = y, -4*y = a*t - 322. What are the prime factors of t?
2, 53
Let a = 50 + 149. What are the prime factors of a?
199
Let y = 6 - 2. Suppose 0 = -6*a + y*a + 118. List the prime factors of a.
59
What are the prime factors of 4 - -4 - (-190 - 28)?
2, 113
Suppose 2*c + 167 = 175. Suppose -462 = -2*p - 3*q, -5*p - c*q + 1260 - 98 = 0. What are the prime factors of p?
2, 3, 13
Let h(i) = -i**3 - 31*i**2 + 58*i - 84. List the prime factors of h(-36).
2, 3, 359
Let r(v) = 52*v + 1. Let f(h) = -h. Let o be f(-2). List the prime factors of r(o).
3, 5, 7
Suppose 57*v = 1342 + 52238. What are the prime factors of v?
2, 5, 47
Let n(k) be the first derivative of 57*k**2 + 6*k + 10 - 26*k**2 - 26*k**2. List the prime factors of n(3).
2, 3
Let t = 438 + -215. List the prime factors of t.
223
Let s be -10*(125/10 - 1). Let o = 199 + s. List the prime factors of o.
2, 3, 7
Let l(g) = -2*g - 5. Let z be l(-7). Suppose i = u + 3, -3*i - 4*u + 2*u = -z. What are the prime factors of 2 - (-2 - 1)/i?
3
Let k = 47 - 34. Suppose -3 - k = i. What are the prime factors of (-212)/i*(1 - -3)?
53
Suppose -2*v - 2923 = -3*g, 0*g + 1950 = 2*g - 2*v. List the prime factors of g.
7, 139
Suppose 3*i = 16*i - 47450. List the prime factors of i.
2, 5, 73
Suppose y = -11*y + 300. Suppose y*o + 249 = 28*o. List the prime factors of o.
83
Let w be -2 - (-4)/((-4)/91). Let u = 132 + w. Suppose -5*q + u = 4*k, 2*q = -k + 5*q + 31. What are the prime factors of k?
2
List the prime factors of (-21)/3 - -5 - -241*7.
5, 337
Let r be 19 + -3 - (0 + 2). Let a = 7 + r. What are the prime factors of a?
3, 7
Let v(s) be the second derivative of -7/6*s**3 + 0 + 6*s**2 - 7*s. List the prime factors of v(-7).
61
What are the prime factors of (-9 - -3124 - -9) + -9?
5, 7, 89
Suppose -t - 10 = 2. What are the prime factors of t*((-12)/18)/((-8)/(-6))?
2, 3
Let k = 591 - 336. What are the prime factors of k?
3, 5, 17
Let q(l) = 12*l**3 - l**2 + l + 1. Let k be q(2). Suppose -5*o = -5*g - k, -3*g - o = -2*g + 11. Let m = g - -17. What are the prime factors of m?
2
Let v(x) = x**3 + 7*x**2 + 7*x + 6. Let m be v(-6). What are the prime factors of ((-12)/(-4))/(3/70 + m)?
2, 5, 7
Suppose -3*l - 4*u = -2*l - 31, -4*l - 5*u = -80. Suppose 2*i - l = -i. List the prime factors of i.
5
Suppose -7*i = -6*i - 5. List the prime factors of (-2)/(-2)*i/(4 - 3).
5
What are the prime factors of ((-28840)/(-49))/(16/56)?
2, 5, 103
Let v = 180 - -1181. What are the prime factors of v?
1361
Suppose u - 5 = -2. Suppose -345 = -5*g - 0*r - 3*r, 183 = u*g - 3*r. Let n = g - 22. List the prime factors of n.
2, 11
Suppose -4*a = -h + 24 - 383, -190 = -2*a + 4*h. What are the prime factors of a?
89
Let p(x) = x**3 - 26*x**2 + 42*x - 7. List the prime factors of p(27).
2, 29
Suppose -l - 82 = -2*y, -y - 10 + 45 = -2*l. Suppose 67 = 5*h - y. Suppose -h = -2*k + 2*f, -3*k - 5*f - 13 + 86 = 0. What are the prime factors of k?
2
Let b = -32 - -230. Suppose z = -z + b. What are the prime factors of z?
3, 11
Suppose -4*c + 97 + 83 = f, -2*f = 3*c - 335. Suppose 11*o - f = 7*o. List the prime factors of o.
2, 5
Suppose -j + 4*j = -3, 0 = 2*v - 5*j + 31. Let p be v/15*20/6. What are the prime factors of (-208)/(-7) + p/(-14)?
2, 3, 5
Let u = 20 - 21. List the prime factors of 173*(1/((-2)/2))/u.
173
Let z(f) = -4*f - 65*f**2 + 18*f - 53 + 34*f - 13*f**3. Let s(c) = -3*c**3 - 16*c**2 + 12*c - 13. Let p(i) = 9*s(i) - 2*z(i). List the prime factors of p(-15).
2, 17
Let q = -211 + 236. Suppose 5*l = -15 + 70. Let g = q - l. What are the prime factors of g?
2, 7
Suppose -1 = j - 3, 0 = 4*b + 5*j - 278. Let k = b - 30. What are the prime factors of k?
37
Let m(i) = -71*i + 40. List the prime factors of m(-5).
5, 79
Suppose -3*d = -0*d + 21. Let a be (-3)/(6 - 7)*4/(-3). List the prime factors of 36 + 4 + d - a.
37
Suppose -39333 = 336*b - 343*b. List the prime factors of b.
3, 1873
Let t(u) = -6*u - 25. Suppose -2*g - 5*a - 18 = -2*a, 2 = -g + 2*a. List the prime factors of t(g).
11
Let a = 6797 + -3901. Suppose -a - 1688 = -24*h. List the prime factors of h.
191
Let a(n) = 2*n**2 - 3*n + 2. Let z be a(2). Let i(m) = 3*m**2 - 2. What are the prime factors of i(z)?
2, 23
Suppose 2*s = -s - 42. Let t = s + 35. Suppose 2*i - 5*y - 11 = 0, 4*y + 7 = 4*i - t. List the prime factors of i.
2
Suppose 4*p + 5*g = 1921, -1439 = -3*p - 0*p - 2*g. List the prime factors of p.
479
Let m be (1 - 1)*(-1)/2. List the prime factors of m - 3/(3/(-14)).
2, 7
Let y be (26/(-3))/((-14)/21). Suppose -14 = -3*z + y. Let a(d) = 2*d + 7. List the prime factors of a(z).
5
Let j(c) = 8*c**2 + 1. Let w = 63 + -64. List the prime factors of j(w).
3
Let s = -6 + 9. Let b be (85/(-20))/(s/24). Let l = 74 + b. List the prime factors of l.
2, 5
Suppose 2*a + 114 = 5*a. Let w = -24 + a. List the prime factors of w.
2, 7
Suppose 19151 = -29*y + 61027. List the prime factors of y.
2, 19
Suppose 3*v = 3*d - 5727, -7*v + 8*v = 5. What are the prime factors of d?
2, 3, 11, 29
Let c be 5 - (96/80)/(4/10). Let o(u) = 28*u**2 + u - 9. What are the prime factors of o(c)?
3, 5, 7
Let j(x) = x**3 - 7*x**2 - 7*x - 7. Let f be j(8). Let p be (f/3)/(1/15). Suppose 0 = -5*q + p + 5. List the prime factors of q.
2
Let m = -8 - -12. Suppose -m*b - 8 = -4*p + 16, -34 = 4*b + p. What are the prime factors of 236/8 - (-12)/b?
2, 7
Let g be 21*((-11)/(-3) - -1). Suppose -g - 342 = -4*r. Suppose -3*x + 4 = -r. List the prime factors of x.
2, 19
What are the prime factors of -1 - (-242)/3 - 1/(-3)?
2, 5
Suppose 3*m - 9 = -h, 5*h - 5*m - 3 - 2 = 0. Suppose 3*x = 4*u - 48 - 29, 59 = 4*u + h*x. List the prime factors of u.
17
Let r = 14 - -28. Let x = r + -18. Suppose 8 = -b + x. What are the prime factors of b?
2
Suppose -2*k - k = 5*r + 62, r + 118 = -5*k. Let b = k - -50. List the prime factors of b.
2, 13
Suppose 4*b = -0*b + g - 66, -5*g + 58 = -3*b. Let v be 4*-3*b/6. Suppose 5*m - 39 = 3*m - 3*z, -v = -2*m + 4*z. What are the prime factors of m?
2, 3
Suppose 3*r + 104 = 17. Let m be 8*r - (-2)/(-1). List the prime factors of (5/(-15))/(3/m).
2, 13
Let k = 18 + -15. Suppose -k*b - 4*b + 35 = 0. What are the prime factors of b?
5
Let j(k) = k**3 + 6*k**2 + k + 6. Let o be j(-6). Suppose 7*r - 5*r - 58 = o. Let u = r + -5. List the prime factors of u.
2, 3
Let w = 67 + -64. Suppose -a = -2*a - 2*u + 32, 0 = w*a - 4*u - 56. List the prime factors of a.
2, 3
Suppose -208 = -4*v + 72. Suppose -8*l = -1327 + 279. Let n = l - v. What are the prime factors of n